(-22)/913). Let w = z + -306. What are the prime factors of w?
2, 3
Suppose 5*j = -0*s - 2*s + 315, 3*j + 355 = 2*s. What are the prime factors of s?
2, 5, 17
Let j(r) = r**3 - 14*r**2 - 13*r - 22. Suppose 3*t = -78 + 12. Let f = t - -37. What are the prime factors of j(f)?
2
Suppose 2*i = -3*u + 13, 5*i - 18 + 66 = 4*u. Let j(z) = -z**2 + 9*z + 8. List the prime factors of j(u).
2, 11
Let z(j) = 2*j**2 + 2*j + 1. Let f be z(-2). Let g(o) = -15 - f*o + 17 + o - 5*o. What are the prime factors of g(-2)?
2, 5
Suppose -26 + 114 = 4*c. Let x(l) = 6*l + 46. What are the prime factors of x(c)?
2, 89
Let n(w) = -2*w**2 + 39*w - 19. Let f be n(19). Suppose 5*g + 2*j - 869 = -f*g, -884 = -5*g + 3*j. List the prime factors of g.
5, 7
Suppose -2*p + 23 = -3*m, -5*p + 2*p + 38 = -5*m. Let d(u) = -u**3 - 4*u**2 + 11*u + 4. List the prime factors of d(m).
2, 37
Suppose 21 = -2*j - 5*f, 8*j + 3*f + 5 = 3*j. Suppose v - j*m - m = 2, 3*v + 4*m = 58. What are the prime factors of v?
2, 7
Suppose 4*j - 2*u = 2854, 2408 = 3*j - 3*u + 275. What are the prime factors of j?
2, 179
Let q = 510 - -151. List the prime factors of q.
661
Suppose 96248 + 126087 = 53*r. What are the prime factors of r?
5, 839
Suppose 987 + 210 = 21*p. What are the prime factors of p?
3, 19
Let n = 5 - -1. Let l(z) = 0*z - 20 + n + 0*z - 3*z. List the prime factors of l(-6).
2
Let c = -12 + 17. Suppose -v - c = -2*v. Suppose -3*x + 58 = v*t, -13 = -5*t - 3. List the prime factors of x.
2
Let w = -3 - 21. List the prime factors of 30*(-30)/(-9)*(-18)/w.
3, 5
Let n be 9 + -4 + 2 + -2. Suppose -t - 4*g + 65 = -n*g, 2*g - 2 = 0. What are the prime factors of t?
2, 3, 11
Let z(y) = -y + 2. Let u be z(-2). Let a(b) be the first derivative of b**3/3 + b**2 + 4*b - 2. What are the prime factors of a(u)?
2, 7
Let i(l) = l**3 + 11*l**2 + 1. Let p be i(-11). Let u be 0 - (1 + (1 - p)). What are the prime factors of (-19 + u)/(-2 - -1)?
2, 5
Let q(c) = c**3 - 7*c**2 + 5*c + 6. Let m be q(6). Let y = m + 4. Suppose -8 = 3*l - 4*l - y*v, -2*l + 3*v = -5. List the prime factors of l.
2
Let k be 1/(6*1/4728). Suppose 0 = -3*x + 2*y + 917, 0 = 4*x - 2*y - 438 - k. What are the prime factors of x?
3, 103
Suppose -129*z = -5789 - 2854. List the prime factors of z.
67
Let p(l) be the second derivative of -l**5/10 + 5*l**4/4 - 4*l**3/3 + 9*l**2/2 + 9*l. Let j be p(7). Suppose j*n - 4 = 2. What are the prime factors of n?
3
Suppose v - 4*o - 3 = 0, 4*o = 2*o. Let h(j) = 4 + 0*j**2 + 4*j - j**2 - 3. List the prime factors of h(v).
2
Let w(t) = 786*t + 172. List the prime factors of w(3).
2, 5, 11, 23
Let o = 530 + 381. List the prime factors of o.
911
Let y = 50 + -38. Let s = 166 - y. List the prime factors of s.
2, 7, 11
Let d(r) = -r**3 - 4*r**2 - 14*r - 28. List the prime factors of d(-9).
503
Suppose i = -3*i - 52. Let m be 2073/(-39) - 2/i. Let x = m + 77. What are the prime factors of x?
2, 3
Let s(i) = 29 + 0 + 41*i - 4. List the prime factors of s(6).
271
Suppose -h - 2 = 5*v + 21, -15 = 3*v. What are the prime factors of h/(-6) + 4870/30?
2, 3
Let s(y) = -8*y + 2. Let l be s(1). Let u be 2046/(-44)*28/l. Let g = u + -155. List the prime factors of g.
2, 31
Let u(s) = s + 2. Let y be u(-9). Let x be (y - 1)/(4/16). List the prime factors of (-12)/x + 615/24.
2, 13
Let x(s) = 75*s**2 + 7*s - 33. What are the prime factors of x(3)?
3, 13, 17
Let s(c) = -3*c - 19. Let x be (52/(-12))/((-1)/(-3)). Let l = 6 + x. What are the prime factors of s(l)?
2
What are the prime factors of ((-141)/(-6) - 9)*10?
5, 29
Suppose -3*a = -4*a - 109. Let d = a - -77. Let u = 45 + d. What are the prime factors of u?
13
Let b(p) = p + 6. Let a be b(-3). Suppose -10 - 5 = -a*h. List the prime factors of h.
5
Let w(l) = 2*l + 158. What are the prime factors of w(24)?
2, 103
Let r be (-190)/(-15) - 2/3. Let i = 4 + r. List the prime factors of i.
2
Suppose 2*d + 0*d + 26 = 0. Let s = 30 + d. Let u = 28 + s. What are the prime factors of u?
3, 5
Let m be ((-28)/(-6) - 4)*12*-30. Let s = 390 + m. What are the prime factors of s?
2, 3, 5
Let v(r) = -2*r**3 + 3*r**2 + 2*r - 139. Let k(u) = -u**3 + 2*u**2 + u - 70. Let d(l) = 5*k(l) - 3*v(l). What are the prime factors of d(0)?
67
Let k be 43/(-86) - (142/(-4))/1. Let v = -6 - 25. Let j = k + v. What are the prime factors of j?
2
Let q(d) = 2*d**2 + 2*d. Let x be q(2). Suppose 4*a + x = 7*a. Suppose -a*p = -0*p - 60. List the prime factors of p.
3, 5
Let h(x) = 241*x**2 + 23*x - 23. What are the prime factors of h(-4)?
3, 29, 43
Let r = 278 - 244. List the prime factors of r.
2, 17
Let k = 1958 - 965. What are the prime factors of k?
3, 331
List the prime factors of (16000 + -5)/7 + -6*1.
43, 53
Let c(n) = n**2 - 1. Suppose -14*s = -13*s - 16. Suppose -s*t = -11*t - 30. What are the prime factors of c(t)?
5, 7
Suppose 5*d - 4*y = 3047, 3*y + 0*y = -5*d + 3061. What are the prime factors of d?
13, 47
Let m = 3 - 2. Let t = m + 3. Suppose 0 = 4*c - 112 - t. List the prime factors of c.
29
Suppose -5*o = -2*r + 6*r + 219, 67 = -o + 5*r. What are the prime factors of 4 - (o - (5 + -3))?
53
Let h(m) = -m + 13. Let o be h(9). Suppose -s + o = -1. Suppose -3*f - 5*r + 8 = 0, -s*f - 7*r + 2*r = -20. List the prime factors of f.
2, 3
Suppose 56 = -19*w + 1272. Let k(n) = 10*n + 6. Let x be k(-4). Let b = x + w. List the prime factors of b.
2, 3, 5
Let n(y) be the third derivative of y**6/120 - 4*y**5/15 + 11*y**4/12 - 2*y**3/3 + 6*y**2. What are the prime factors of n(15)?
101
Suppose 102 = -4*x + 842. Suppose 3*k = 4*w + 435, -2*k + 2*w = -x - 105. What are the prime factors of k?
5, 29
Suppose -50 = -4*t + 3*s, 2*t - 65 = -3*t + 5*s. Suppose 20 = -7*o + t*o. Let a = o - -1. List the prime factors of a.
2, 3
Let o be -2 + 20/4 + 0. Suppose o*n - n = 54. What are the prime factors of n?
3
Suppose 14 = 5*p + g + 4, -4*p = -2*g - 22. Suppose 0 = a - p - 1. Suppose 0 = -a*f + 22 + 106. List the prime factors of f.
2
Suppose g + 33 = w - 4*w, 2*g = -3*w - 78. Let f(l) = l**3 + 3*l**2 - 3*l - 6. Let t be f(-4). List the prime factors of (-594)/g + 2/t.
13
Let i = -10 - -2. Let r be (-9)/9 + (-2)/(4/(-78)). Let a = r + i. List the prime factors of a.
2, 3, 5
Suppose 2*t + u = -76, t + 3*u + 152 = -3*t. Let q = 95 + t. What are the prime factors of q?
3, 19
Let n(o) = 5*o**2 - 7*o - 17. List the prime factors of n(6).
11
Let g(y) = -y**3 - 7*y**2 + 23*y + 26. What are the prime factors of g(-13)?
3, 13, 19
Suppose 41*h - 147891 = -38954. List the prime factors of h.
2657
Suppose -5*d - 3984 = -24574. What are the prime factors of d?
2, 29, 71
Let z = -13 + 8. Let b = -2 - z. Suppose -b*t = -t - 18. What are the prime factors of t?
3
Let k(q) be the second derivative of q**4/4 + 2*q**3/3 + 2*q**2 - 8*q. What are the prime factors of k(-5)?
59
Suppose 8 = 2*v + 2. Let b = v + -3. Suppose -z = -0*t - 2*t + 77, b = -z + 1. What are the prime factors of t?
3, 13
Suppose 0 = 2*x + 3*z - 70, -x + 7 + 34 = 3*z. Suppose -x = y + w - 84, 0 = 5*y - 3*w - 307. List the prime factors of y.
59
Suppose -4*l - c - 2357 + 12025 = 0, 5*l + 4*c - 12085 = 0. List the prime factors of l.
2417
Let x(y) = -y**3 - 3*y**2 - 3*y - 2. Let s be x(-2). Suppose s*q = -5*q + 2*i - 311, 260 = -4*q - 4*i. Let w = -25 - q. List the prime factors of w.
2, 19
Let w(d) be the second derivative of -d**3/3 + 8*d**2 - 5*d. Let t be w(7). Suppose -t*l + 0*j + 71 = -3*j, 2*j + 146 = 4*l. What are the prime factors of l?
37
Suppose 2485 = 4*c - 6031. What are the prime factors of c?
2129
Let y = -35 - -162. Suppose q = 2*o - 0*o - y, 322 = 5*o + 2*q. What are the prime factors of o?
2
Let u be -250 + 1/(-3 + 2). Let h = u - -471. List the prime factors of h.
2, 5, 11
Let g = 3269 + -1243. List the prime factors of g.
2, 1013
Let p(j) = -3*j**2 + j - 4. Let d be p(3). List the prime factors of (-265)/(-4) + 7/d.
2, 3, 11
Let t = 18 + -7. Suppose -t*q + 1180 = -6*q. What are the prime factors of q?
2, 59
Let z be (-84)/(-49)*(1 + (-22)/(-6)). What are the prime factors of -4*(-6)/z + 137?
2, 5, 7
List the prime factors of (-10)/(40/4)*(-2833)/1.
2833
Let d(p) be the second derivative of -2*p**5/5 - p**4/12 - p**3/3 - 106*p. Suppose v - 3 = 4*v. What are the prime factors of d(v)?
3
Let t(n) = -n**3 + 21*n**2 - 19*n - 20. Let x be t(20). Sup